ose -3*a + w = d - 28, 0 = 5*d + 3*a - 252. What is the greatest common factor of d and 12?
12
Let h be ((-4)/10)/(1/(-5)). Suppose 0 = h*s - 11*s + 144. What is the greatest common factor of 20 and s?
4
Let m = -154 + 295. Suppose m*k = 135*k + 288. Calculate the highest common factor of k and 12.
12
Let q = -358 - -361. Suppose -u = -1, -q*m + 68 = 2*u - 42. What is the greatest common factor of m and 99?
9
Suppose 0 = -7*n - 542 + 696. Calculate the greatest common divisor of n and 5566.
22
Let a = -5952 - -6267. Calculate the greatest common factor of a and 285.
15
Suppose -u + 1067 = 5*p + 125, 765 = 4*p - 3*u. Calculate the greatest common divisor of p and 1953.
63
Let q(j) be the first derivative of -4*j**2 + 14*j + 145. Let y be q(-2). Calculate the greatest common divisor of y and 110.
10
Suppose 134 = b - 2*w, w + 265 = 197*b - 195*b. Calculate the highest common factor of b and 957.
33
Suppose 3*n + 3*c - 10443 = 0, -n - 2*c + 8*c + 3509 = 0. Calculate the highest common factor of 85 and n.
85
Let x(b) = -5*b - 21. Let f be x(-9). Let p(h) = h**2 + 6*h + 3. Let m be p(-7). Let j be (14 - 0) + m/(-5). What is the highest common factor of f and j?
12
Let p(l) = -3 - 7 + 1 + 0*l**2 + 11*l - l**2. Let x be p(8). Let a = x - -6. What is the greatest common factor of a and 3?
3
Let n(v) = 60*v - 4. Let d be n(3). Suppose -56*a - 36 = -59*a. Let o be a + 4 + (-2 - -2). Calculate the greatest common factor of d and o.
16
Suppose -w - 5*k = -21 - 88, w = -4*k + 113. Suppose 109*v = 4*f + 114*v - 127, -3*f + 93 = 4*v. Calculate the highest common factor of w and f.
43
Suppose 60*c - 62*c + 1176 = 198. What is the highest common divisor of c and 3260?
163
Suppose 270 = 5*p + 2*j - 104, 2*j - 222 = -3*p. What is the greatest common divisor of 1748 and p?
76
Suppose -21*t = 57*t + 5304. Let g = 290 + -202. Let z = t + g. Calculate the highest common divisor of z and 220.
20
Suppose 21*r = 6*r + 4125. Suppose 62*l - 51*l - r = 0. Calculate the highest common divisor of l and 35.
5
Suppose 0 = 5*a + 3*j - 186, 3*a - 5*j - 139 = -75. Let t(s) = s - 7. Let c be t(7). Let y = 11 - c. Calculate the greatest common divisor of y and a.
11
Suppose 3*x - 1187 = -5072. Let w = x - -881. Let j be 8/28 + (w/(-21) - 2). What is the highest common factor of 126 and j?
18
Let d(y) = -15*y - 71. Let v be d(-5). Suppose -v*z + 5 = -3*z. Calculate the highest common factor of z and 55.
5
Let a(v) = v**2 - 110*v + 2884. Let b be a(41). What is the highest common factor of 1166 and b?
11
Let n = -789 + 807. Let p(s) = 4*s**2 + 2*s - 37. Let h be p(n). Calculate the greatest common divisor of h and 35.
35
Let y be (6/4)/((-3)/(-72)). Let b = 4206 + -4158. Calculate the greatest common factor of b and y.
12
Let r(y) = -y**2 - 4*y + 6. Let m = 26 + -30. Let h be r(m). Let j be (-11)/(11/(-6))*h/4. What is the greatest common divisor of 1 and j?
1
Suppose -4*j - 288 = -2*z - 92, 0 = 5*z - 3*j - 518. Let g be 53/((47 - 28)/57). Calculate the greatest common divisor of g and z.
53
Suppose 10*j - 8*j - 3*h - 154 = 0, -4*h + 339 = 5*j. Suppose -j*a + 27*a + 17028 = 0. Calculate the highest common factor of 86 and a.
43
Let q = 78 + 3. Let g = -117002 + 117047. What is the highest common divisor of q and g?
9
Suppose -7*g = -7*g + 2*g. Suppose -5*t + 2*u + 15 = -u, -3*t + u + 9 = g. Let v be (-76)/(-36) - t/27. What is the highest common divisor of v and 6?
2
Let o(p) = p**2 - p + 36. Let s be o(0). Let c be ((-5725)/(-50) - 20)*24/14. Calculate the highest common divisor of c and s.
18
Suppose -5*f = 5*c - 44690, -c + 9684 = 4*f - 26047. Calculate the greatest common divisor of 39 and f.
39
Suppose -28 = l - 4*k - 312, 2*l - 623 = -3*k. What is the greatest common divisor of 272 and l?
16
Let c(y) = y**3 + 8*y**2 + 2*y + 17. Let m be c(-8). Suppose 0*t = 4*t. Suppose t = 2*o - m - 41. Calculate the greatest common divisor of o and 105.
21
Suppose -a = -5, -a + 4*a + 169 = -4*r. Let h be (0 - r)*(-10)/(-20). Suppose 35*t + 2070 = 50*t. What is the greatest common factor of h and t?
23
Let z(m) = 3*m**2 + 11*m - 10. Let o be z(1). Suppose o*n - 29 = -3*s - 0*n, 5*n - 40 = -4*s. Calculate the greatest common divisor of 30 and s.
15
Suppose 39*d - 24*d = -25*d + 680. Suppose -3*m - 90 = -0*m. Let c be m/(-12)*(-2)/(-5). Calculate the greatest common divisor of d and c.
1
Let h = -80 - -101. Let w be 14/h - 5/(15/(-862)). Calculate the greatest common divisor of w and 32.
32
Let h(d) = -47*d**2 + 217*d. Let k be h(4). Calculate the highest common factor of k and 1276.
116
Let y be 15288/(-910)*1305/(-6). Calculate the highest common divisor of y and 98.
14
Let d be (-32)/416 + 64470/39. What is the greatest common factor of 57 and d?
57
Let w(g) = -14*g**2 + 68*g + 14. Let m be w(5). Suppose -10*u + m*u = -438. Calculate the highest common factor of u and 949.
73
Suppose -10 = f - 293. Suppose -q - 88 = 5*o, -2*q - 2*q + 3*o = f. Let b = q + 79. What is the greatest common divisor of b and 48?
6
Let j = -78 + 83. Suppose 4*d - 209 = -3*a, -j*a = -d - 6 + 41. Suppose -n = -2, -d = -s - n - 0*n. What is the highest common divisor of s and 24?
24
Let o = 27631 + -15751. What is the highest common factor of 80 and o?
40
Let l be -1*4/8*0. Suppose l = -3*y - 2*r - 305, -3*y - 3*r + 2*r = 301. Let n = -63 - y. Calculate the greatest common factor of 4 and n.
4
Let b = 103 - 99. Suppose -b*f + 4*h = -136, 4*h - 86 = -2*f - 0*h. Calculate the highest common factor of 259 and f.
37
Suppose -2*s + 96 = g, 2*s = -2*g + 85 + 111. Let n be 2/(-12) - (-1 - (-470)/(-12)). What is the greatest common factor of n and g?
20
Suppose d - 7*l = -2*l - 29, 3*d = 5*l - 77. Let x be (d/15)/(1 - (-1277)/(-1275)). Suppose -43*h = -46*h + x. Calculate the greatest common factor of 34 and h.
34
Let m be 14/49 - (-1 + (-257)/7). Let r = 100 - m. Let z = r - 36. What is the highest common divisor of z and 286?
26
Let t be (0 + -2)/((-1)/2)*1. Suppose t*q + 155 = 5*w, 17*q + 31 = w + 12*q. What is the greatest common factor of w and 1?
1
Let t = 4811 + -3178. Calculate the highest common divisor of t and 71.
71
Let y = 11 + -4. Let z = y - 3. Let f be ((-2)/13 - (-3775)/1300)/((-3)/(-48)). Calculate the greatest common factor of z and f.
4
Let h(z) = -z**3 - 4*z**2 + 8*z - 4. Let d be h(-6). Let a(q) = -86*q + 642. Let s be a(7). Calculate the greatest common divisor of s and d.
20
Let j = 56840 + -55837. Suppose 2*v + 59 = 3*v. What is the highest common factor of v and j?
59
Suppose -5*u = 5*v - 425, 5*u + 0*v = 3*v + 417. What is the greatest common divisor of 308 and u?
28
Let g be (-2124)/(-8) + 95/(-38) + -6. Calculate the greatest common divisor of 257 and g.
257
Let m be ((-6)/4)/((-24)/720). Let f = 8 - -2. What is the highest common factor of m and f?
5
Suppose 241 = 48*j + 85 - 324. Let z(x) = -3*x**3 - 2*x**2 + 1. Let b be z(-1). Calculate the highest common divisor of j and b.
2
Let v be ((-1026)/38)/(4/((-96)/9)) + 8. Calculate the greatest common divisor of v and 6720.
80
Suppose 3096 = -12*q - 0*q. Let u = 276 + q. Suppose 8 + 4 = 2*n. What is the greatest common divisor of u and n?
6
Let o(w) = 14*w**2 + 3*w - 1. Let m be o(3). Suppose 344 = -4*z + 744. Let k = m + z. Calculate the greatest common divisor of k and 26.
26
Let w = 2933 - 2872. Calculate the greatest common divisor of 6649 and w.
61
Let g(q) = -59*q - 47. Let v be g(-16). Calculate the highest common factor of 78 and v.
39
Suppose -5*o + p + 6 = 0, -p = o + 3*o - 12. Let j be ((-52)/4)/(o/(-6)). Let r be 4 + j + -5 + (-2 - 0). What is the highest common divisor of 9 and r?
9
Suppose -4*l - p + 91 = 0, 4*l = 5*l + 4*p - 34. Suppose 2*m = 3*m + 2*v - l, -3*m = v - 86. What is the greatest common factor of m and 50?
10
Let t be 45067/44 + 1/(-4). Calculate the greatest common divisor of t and 2304.
256
Suppose -144 = 272*x - 273*x + 5*u, -662 = -5*x - 4*u. What is the highest common factor of x and 7102?
134
Suppose -5*w + y + 4851 = 1512, -2*y - 2002 = -3*w. Let q be 10/35 - w/(-14). Let f = q - 43. What is the highest common factor of 2 and f?
1
Let k(g) = g**3 + 24*g**2 + 35*g + 58. Let o be (-44)/((-28)/(-7) - 2). Let q be k(o). Calculate the highest common divisor of q and 32.
32
Suppose -2*f = -2*s + 494, -395 + 391 = f.